en 542942 is divided by 1231.
71
What is the remainder when 84292260 is divided by 319?
19
What is the remainder when 6466353 is divided by 1616588?
1
Calculate the remainder when 91237839 is divided by 3258493.
35
Calculate the remainder when 1709582 is divided by 366.
362
What is the remainder when 11905260 is divided by 89?
86
What is the remainder when 9505 is divided by 92?
29
Calculate the remainder when 94850 is divided by 624.
2
Calculate the remainder when 18122795 is divided by 422.
5
Calculate the remainder when 123516486 is divided by 48.
6
Calculate the remainder when 638911 is divided by 70937.
478
Calculate the remainder when 1897211 is divided by 1951.
839
Calculate the remainder when 60556 is divided by 1117.
238
Calculate the remainder when 129734 is divided by 9977.
33
Calculate the remainder when 471299 is divided by 871.
88
What is the remainder when 9623 is divided by 4631?
361
What is the remainder when 35110080 is divided by 994?
12
Calculate the remainder when 1682373 is divided by 610.
603
Calculate the remainder when 401174 is divided by 46.
8
What is the remainder when 13121 is divided by 3116?
657
Calculate the remainder when 127565 is divided by 25512.
5
What is the remainder when 452924537 is divided by 41?
38
What is the remainder when 2009191 is divided by 91315?
261
Calculate the remainder when 580460 is divided by 11609.
10
What is the remainder when 101686 is divided by 310?
6
Calculate the remainder when 25547 is divided by 1278.
1265
Calculate the remainder when 22469267 is divided by 451.
447
What is the remainder when 1987855 is divided by 198767?
185
Calculate the remainder when 61774354 is divided by 1758.
1750
Calculate the remainder when 916003 is divided by 447.
100
What is the remainder when 6680293 is divided by 29?
27
What is the remainder when 16016403 is divided by 17?
6
Calculate the remainder when 167047 is divided by 1963.
192
What is the remainder when 481974 is divided by 32125?
99
Calculate the remainder when 4397 is divided by 3263.
1134
What is the remainder when 509675082 is divided by 29?
24
What is the remainder when 33649 is divided by 3021?
418
What is the remainder when 3668550 is divided by 53949?
18
What is the remainder when 12629195 is divided by 581?
579
What is the remainder when 398669 is divided by 30646?
271
What is the remainder when 15921 is divided by 1727?
378
What is the remainder when 25402 is divided by 3957?
1660
What is the remainder when 2030555 is divided by 135370?
5
Calculate the remainder when 24856813 is divided by 2332.
25
What is the remainder when 173782 is divided by 333?
289
Calculate the remainder when 74222386 is divided by 11045.
11031
Calculate the remainder when 90359 is divided by 18037.
174
Calculate the remainder when 8780566 is divided by 745.
741
Calculate the remainder when 4432226 is divided by 134309.
29
What is the remainder when 905 is divided by 101?
97
What is the remainder when 581444 is divided by 766?
50
Calculate the remainder when 41544967 is divided by 12194.
9
What is the remainder when 1018717 is divided by 1933?
26
Calculate the remainder when 3803980 is divided by 98.
12
What is the remainder when 101707 is divided by 5658?
5521
Calculate the remainder when 1744878 is divided by 259.
254
Calculate the remainder when 3634075 is divided by 210.
25
What is the remainder when 42526 is divided by 32?
30
What is the remainder when 19892 is divided by 19781?
111
What is the remainder when 335881 is divided by 443?
87
Calculate the remainder when 4915929 is divided by 46375.
179
Calculate the remainder when 100423508 is divided by 42.
38
What is the remainder when 217784991 is divided by 999?
993
What is the remainder when 65675 is divided by 13033?
510
What is the remainder when 290566 is divided by 11590?
816
Calculate the remainder when 205050 is divided by 494.
40
Calculate the remainder when 690272 is divided by 647.
570
What is the remainder when 32262119 is divided by 109363?
34
Calculate the remainder when 332173 is divided by 52.
49
What is the remainder when 5343295 is divided by 139?
135
Calculate the remainder when 210517 is divided by 23336.
493
What is the remainder when 5370395 is divided by 671296?
27
Calculate the remainder when 1859342 is divided by 265612.
58
Calculate the remainder when 5973489 is divided by 1145.
24
What is the remainder when 3153013 is divided by 4?
1
What is the remainder when 296806 is divided by 1799?
1770
Calculate the remainder when 271276 is divided by 12901.
355
Calculate the remainder when 191939 is divided by 94895.
2149
What is the remainder when 290103 is divided by 143576?
2951
What is the remainder when 1426218 is divided by 5693?
2968
Calculate the remainder when 9405125 is divided by 2929.
106
Calculate the remainder when 70522221 is divided by 112.
77
What is the remainder when 1040554 is divided by 1040553?
1
What is the remainder when 4088889 is divided by 2044432?
25
Calculate the remainder when 23490037 is divided by 192.
181
Calculate the remainder when 2127058 is divided by 1003.
698
What is the remainder when 23147027 is divided by 1157351?
7
Calculate the remainder when 1965199 is divided by 178653.
16
What is the remainder when 3097132 is divided by 139?
73
Calculate the remainder when 370088598 is divided by 13.
9
What is the remainder when 43757082 is divided by 1387?
6
What is the remainder when 48416223 is divided by 1595?
1593
What is the remainder when 4782869 is divided by 10198?
7
What is the remainder when 258879 is divided by 4241?
178
What is the remainder when 115736471 is divided by 27?
26
What is the remainder when 2001219 is divided by 3901?
6
Calculate the remainder when 846529 is divided by 28.
5
What is the remainder when 179417 is divided by 3324?
3245
What is the remainder when 45630 is divided by 2637?
801
Calculate the remainder when 2980030 is divided by 23.
12
Calculate the remainder when 66123838 is divided by 4132739.
14
Calculate the remainder when 796674 is divided by 230.
184
What is the remainder when 84738 is divided by 9385?
273
Calculate the remainder when 38318839 is divided by 1199.
1197
What is the remainder when 177776 is divided by 12908?
9972
Calculate the remainder when 2759623 is divided by 13141.
13
What is the remainder when 41834771 is divided by 1726?
1709
What is the remainder when 683596 is divided by 1075?
971
Calculate the remainder when 1106458 is divided by 158064.
10
Calculate the remainder when 1059920 is divided by 4872.
2696
What is the remainder when 601604 is divided by 300783?
38
What is the remainder when 1110834 is divided by 19?
18
Calculate the remainder when 509017 is divided by 251479.
6059
Calculate the remainder when 673035108 is divided by 110.
108
What is the remainder when 2222626 is divided by 189?
175
What is the remainder when 56139883 is divided by 295473?
13
What is the remainder when 42483073 is divided by 21?
10
Calculate the remainder when 15927640 is divided by 347.
340
Calculate the remainder when 6278691 is divided by 294.
27
Calculate the remainder when 1258692 is divided by 26.
6
What is the remainder when 359487 is divided by 59897?
105
Calculate the remainder when 136458724 is divided by 14.
10
What is the remainder when 249586503 is divided by 41?
28
Calculate the remainder when 5138090 is divided by 306.
44
What is the remainder when 319901 is divided by 7993?
181
What is the remainder when 368105 is divided by 40?
25
Calculate the remainder when 418084 is divided by 432.
340
What is the remainder when 395038 is divided by 1572?
466
What is the remainder when 44325222 is divided by 477?
474
Calculate the remainder when 41573230 is divided by 186.
184
Calculate the remainder when 3696859 is divided by 43.
20
What is the remainder when 11515431 is divided by 79?
75
What is the remainder when 2139994 is divided by 428?
422
What is the remainder when 4794333 is divided by 91?
89
Calculate the remainder when 433124 is divided by 9622.
134
What is the remainder when 11976 is divided by 11929?
47
Calculate the remainder when 111753 is divided by 5881.
14
What is the remainder when 168757 is divided by 297?
61
Calculate the remainder when 41151327 is divided by 110.
107
Calculate the remai